 of 15896944?
2, 7, 141937
List the prime factors of 5622867.
3, 624763
What are the prime factors of 5176962?
2, 3, 7, 181, 227
List the prime factors of 95267.
95267
What are the prime factors of 7075202?
2, 3537601
List the prime factors of 3499471.
383, 9137
What are the prime factors of 4907715?
3, 5, 97, 3373
What are the prime factors of 39475?
5, 1579
List the prime factors of 8834308.
2, 7, 47, 137
What are the prime factors of 8941436?
2, 7, 197, 1621
List the prime factors of 3441597.
3, 157, 7307
List the prime factors of 480907.
7, 23, 29, 103
List the prime factors of 4472104.
2, 7, 13, 6143
What are the prime factors of 1096706?
2, 13, 42181
What are the prime factors of 3250657?
3250657
What are the prime factors of 12024977?
12024977
What are the prime factors of 12487080?
2, 3, 5, 104059
What are the prime factors of 1229859?
3, 136651
List the prime factors of 101574.
2, 3, 11, 19
What are the prime factors of 1620588?
2, 3, 135049
What are the prime factors of 1623390?
2, 3, 5, 53, 1021
What are the prime factors of 329624?
2, 41203
List the prime factors of 5947.
19, 313
What are the prime factors of 284789?
37, 43, 179
List the prime factors of 186545.
5, 37309
List the prime factors of 10903290.
2, 3, 5, 17, 21379
What are the prime factors of 15897418?
2, 107, 74287
What are the prime factors of 37529810?
2, 5, 3752981
What are the prime factors of 29375120?
2, 5, 367189
What are the prime factors of 629291?
13, 48407
List the prime factors of 867679.
867679
List the prime factors of 366612.
2, 3, 137, 223
What are the prime factors of 16282268?
2, 4070567
What are the prime factors of 130011?
3, 7, 41, 151
What are the prime factors of 4144099?
4144099
What are the prime factors of 98507?
98507
What are the prime factors of 1244113?
13, 95701
List the prime factors of 439678.
2, 219839
What are the prime factors of 41353?
13, 3181
List the prime factors of 287903.
7, 11, 3739
What are the prime factors of 5784043?
67, 131, 659
What are the prime factors of 2288265?
3, 5, 7, 19, 31, 37
List the prime factors of 284177.
31, 89, 103
What are the prime factors of 29116?
2, 29, 251
What are the prime factors of 654191?
654191
What are the prime factors of 2797308?
2, 3, 59, 439
What are the prime factors of 4586394?
2, 3, 764399
List the prime factors of 480626.
2, 167, 1439
What are the prime factors of 141391?
31, 4561
List the prime factors of 77266.
2, 7, 5519
What are the prime factors of 498376?
2, 62297
List the prime factors of 1030089.
3, 107, 3209
List the prime factors of 1076725.
5, 13, 3313
What are the prime factors of 2026219?
13, 155863
List the prime factors of 423009.
3, 15667
What are the prime factors of 10606?
2, 5303
What are the prime factors of 3015026?
2, 7, 215359
What are the prime factors of 425773?
47, 9059
What are the prime factors of 37665?
3, 5, 31
What are the prime factors of 26532?
2, 3, 11, 67
What are the prime factors of 56100?
2, 3, 5, 11, 17
What are the prime factors of 293490?
2, 3, 5, 1087
List the prime factors of 966335.
5, 157, 1231
What are the prime factors of 969153?
3, 17, 31, 613
What are the prime factors of 10536410?
2, 5, 599, 1759
List the prime factors of 301056.
2, 3, 7
What are the prime factors of 1050134?
2, 23, 37, 617
What are the prime factors of 284021?
47, 6043
List the prime factors of 2429062.
2, 17, 71443
List the prime factors of 379364.
2, 94841
List the prime factors of 1765002.
2, 3, 294167
List the prime factors of 504216.
2, 3, 47, 149
List the prime factors of 151278.
2, 3, 19, 1327
What are the prime factors of 3243224?
2, 19, 1123
List the prime factors of 959633.
17, 19, 2971
List the prime factors of 4072298.
2, 59, 34511
What are the prime factors of 430370?
2, 5, 43037
List the prime factors of 332430.
2, 3, 5, 7, 1583
What are the prime factors of 4535181?
3, 7, 71987
What are the prime factors of 320892?
2, 3, 11, 13, 17
What are the prime factors of 944446?
2, 31, 15233
What are the prime factors of 786087?
3, 19, 4597
List the prime factors of 12163185.
3, 5, 89, 3037
What are the prime factors of 372094?
2, 23, 8089
What are the prime factors of 286305?
3, 5, 19087
What are the prime factors of 10222330?
2, 5, 197, 5189
List the prime factors of 11785181.
179, 65839
What are the prime factors of 152587?
53, 2879
List the prime factors of 236452.
2, 59113
List the prime factors of 6519456.
2, 3, 22637
What are the prime factors of 5994957?
3, 1998319
List the prime factors of 362650.
2, 5, 7253
What are the prime factors of 84147?
3, 7, 4007
What are the prime factors of 710946?
2, 3, 127, 311
What are the prime factors of 16091887?
7, 2298841
What are the prime factors of 354287?
347, 1021
What are the prime factors of 1339717?
89, 15053
List the prime factors of 1291068.
2, 3, 35863
List the prime factors of 28967.
83, 349
List the prime factors of 23584174.
2, 449, 26263
List the prime factors of 4721402.
2, 7, 293, 1151
List the prime factors of 30752.
2, 31
List the prime factors of 6624874.
2, 23, 59, 2441
List the prime factors of 69303.
3, 13, 1777
What are the prime factors of 28331912?
2, 7, 505927
List the prime factors of 754465.
5, 150893
What are the prime factors of 3996?
2, 3, 37
List the prime factors of 2554519.
11, 263, 883
What are the prime factors of 467707?
113, 4139
List the prime factors of 3647897.
11, 401, 827
What are the prime factors of 18904?
2, 17, 139
List the prime factors of 1238458.
2, 13, 19, 23, 109
What are the prime factors of 5196120?
2, 3, 5, 19, 43, 53
What are the prime factors of 29648569?
19, 82129
What are the prime factors of 260507?
13, 29, 691
What are the prime factors of 578343?
3, 192781
What are the prime factors of 8461293?
3, 41, 68791
List the prime factors of 302663.
302663
What are the prime factors of 1172782?
2, 13, 43, 1049
What are the prime factors of 259913?
17, 15289
List the prime factors of 14850134.
2, 13, 19, 23, 1307
What are the prime factors of 918550?
2, 5, 18371
List the prime factors of 449368.
2, 56171
List the prime factors of 22750500.
2, 3, 5, 29, 523
List the prime factors of 4537825.
5, 181513
What are the prime factors of 2515992?
2, 3, 79, 1327
What are the prime factors of 189662?
2, 11, 37, 233
List the prime factors of 29425717.
23, 43, 29753
List the prime factors of 4842737.
4842737
List the prime factors of 1276724.
2, 19, 107, 157
What are the prime factors of 11846094?
2, 3, 13, 29, 5237
List the prime factors of 1986451.
941, 2111
What are the prime factors of 3173717?
3173717
List the prime factors of 195443.
195443
What are the prime factors of 10397931?
3, 17, 67, 179
What are the prime factors of 2675447?
19, 140813
List the prime factors of 44924.
2, 11, 1021
What are the prime factors of 4098480?
2, 3, 5, 17077
What are the prime factors of 2976720?
2, 3, 5, 79, 157
List the prime factors of 753311.
13, 57947
List the prime factors of 199084.
2, 71, 701
What are the prime factors of 816195?
3, 5, 54413
What are the prime factors of 1007877?
3, 13, 43, 601
What are the prime factors of 10921210?
2, 5, 823, 1327
What are the prime factors of 29522763?
3, 3280307
List the prime factors of 444888.
2, 3, 37, 167
What are the prime factors of 72396?
2, 3, 2011
List the prime factors of 176183.
7, 25169
What are the prime factors of 237900?
2, 3, 5, 13, 61
List the prime factors of 23606325.
3, 5, 104917
What are the prime factors of 285624?
2, 3, 3967
What are the prime factors of 186512?
2, 11657
What are the prime factors of 3977036?
2, 7, 103, 197
List the prime factors of 367255.
5, 7, 1499
List the prime factors of 1218673.
181, 6733
What are the prime factors of 123775?
5, 4951
List the prime factors of 672645.
3, 5, 44843
What are the prime factors of 7180179?
3, 193, 12401
What are the prime factors of 5487212?
2, 1371803
What are the prime factors of 11186?
2, 7, 17, 47
List the prime factors of 4165526.
2, 73, 103, 277
What are the prime factors of 993392?
2, 47, 1321
What are the prime factors of 3163526?
2, 977, 1619
What are the prime factors of 621851?
19, 23, 1423
List the prime factors of 3238512.
2, 3, 19, 53, 67
List the prime factors of 262521.
3, 7, 463
List the prime factors of 2237394.
2, 3, 23, 31, 523
List the prime fac